 -11) + -5 + 8 + 2 + -7?
-3
What is (31 - -1) + 28 + -63 + 19?
16
Calculate 6 - -1 - (4 - 3) - -3.
9
Calculate 3 + -21 + (111 - 99) + 4 + 0.
-2
-244 + 246 - (-19 + 4)
17
(-6 - -2) + -2 + 24 + -16
2
-25 + 21 + -15 - 6
-25
-274 - -291 - (32 - 1)
-14
15 + -3 + -52 - -33
-7
What is (9 - 1) + 18 + 0 + -43 + -7?
-24
What is -9 - (-30 - 26 - -32)?
15
What is 21 + (10 - (29 + 0))?
2
What is the value of 2 + 8 - (1 + -5 + 9 - 3)?
8
Calculate -11 + 45 + -11 + -6.
17
What is the value of 25 + -27 + 32 + -16?
14
What is -1 - ((5 - 3 - 2) + -3 - -3)?
-1
What is the value of (-8 + (2 - -1) - -18) + -37?
-24
Evaluate (9 - (0 + -1)) + (18 - 9) + -20.
-1
What is the value of -46 + (14 - (-10 - -21) - 3) - -11?
-35
-1 + -12 + 35 + (2 - 6)
18
(-10 - (2 + -1 + -2)) + 14
5
Calculate -1 + (4 - (20 + -20)) + -3 + 0.
0
Evaluate 3 + 7 + 0 + -4 - -6.
12
-12 - -24 - 16 - 7
-11
(2 - (8 + 2 - 20)) + -2 + -4
6
Calculate -122 + 122 - (2 + -4).
2
What is -6 + -1 - (59 - 68)?
2
Evaluate -2 + -13 + -1 - (1680 - 1720).
24
What is 239 + -250 + (3 - 2 - 0) + 22?
12
What is -2 - (-9 - ((-2 - 13) + -2))?
-10
Calculate (-8 - -11) + (-6 - 2) - 6.
-11
What is -20 - (-26 - 7) - 5?
8
Calculate (16 - (4 + (-1 - 1))) + (2 - 7).
9
What is the value of -1 + 0 - (-18 - (26 - (18 - -1)))?
24
What is the value of 12 - (3 + (5 - 3)) - -5?
12
What is the value of (12 + 4 + -5 + -6 - -2) + -22?
-15
Calculate 4 - (5 + 15 - 18).
2
What is -12 - (-1 - (-9 + 1 + -12))?
-31
What is the value of -11 - 1 - (-245 - -227)?
6
Evaluate (1 - 0 - -1) + 5 - (10 + -5).
2
What is -1 + 1 + 2 - -11 - 6 - 18?
-11
What is (-32 - -1 - -14 - 3) + 5?
-15
Evaluate 381 + -371 - (-8 - (3 + -1)).
20
-3 - (12 - ((-1 - -1) + (-34 - -78)))
29
Calculate 3 + 7 + (-113 - -117) - (-6 + -2).
22
What is -8 + (-2 - 1) + -9 + (-27 - -33)?
-14
Calculate 20 + (-3 - -6 - 12) + 28 + -9.
30
What is 14 - -31 - (-23 + 103)?
-35
Evaluate (-4 - -2) + -6 + -1 + 5 + -6.
-10
Calculate 1 + 18 - (55 - 53 - -7).
10
Calculate -14 - -2 - (-24 + 19 - -11).
-18
5 + -4 + -3 + 5 - -2
5
What is the value of (-15 + 3 - -5) + -13 - -10?
-10
What is (21 + -27 - (3 - 2)) + 8?
1
What is 24 + (-39 - -42 - 17)?
10
What is the value of -7 + (4 - (-3 - -1 - -11) - -11)?
-1
Evaluate (4 + -4 - 31) + (-205 - -210).
-26
Evaluate 5 + (2 - 1) - ((29 - -7) + -37).
7
What is the value of (0 - 17) + (-206 - -218)?
-5
Calculate -15 + -1 + 11 + -2 + 8.
1
Calculate (4 - 1) + -65 + 69.
7
What is the value of (-6 - -2) + -1 - (12 - (-11 + 15))?
-13
What is the value of -1 + 0 - (-17 - (9 - (-3 - -21)))?
7
Evaluate -103 - -94 - (-37 + (2 + -6 - -3)).
29
Calculate 28 - (11 - (5 - 13)).
9
What is the value of (4 - 3 - 2) + (1 - 0 - -3)?
3
Evaluate 7 + 8 + -8 - -6.
13
2 + -12 + 1 + 7 + 8
6
What is the value of 3 + -2 + (6 - -4) - 11?
0
Calculate -9 + (7 - 24) + 6 + 8.
-12
53 + -54 + (1 + -1 - (2 - 4))
1
97 + -123 - (-2 - 11)
-13
Calculate (3 - 1) + (-2 - -8) - (621 + -615).
2
20 - (14 + -1) - 1 - 21
-15
Calculate 24 + -17 + (-15 - -16) + (3 - -2).
13
Evaluate 25 + -27 + 30 + -25.
3
Evaluate -17 + -19 + 49 - 29.
-16
Calculate (0 - -16) + (104 - 104).
16
Calculate -18 - (8 - (19 - 2)).
-9
-8 - ((-3 - -10) + -15 + 2)
-2
Calculate (-14 + 21 - (6 + (17 - 3))) + 10.
-3
What is the value of -1 + (-159 + 158 - (1 + -18))?
15
What is 1 - -5 - 1 - (-30 + 25)?
10
-19 - (-50 + (39 - 17))
9
Calculate (42 - 83) + 31 + (-1 - -8) + -1.
-4
Evaluate 4 - ((6 - 9 - -9) + -6).
4
Calculate 8 - (-6 + 22 - 16).
8
Evaluate -34 + 36 + (-11 - 2).
-11
Calculate -77 - -71 - (1 - (4 + 2)).
-1
Calculate 3 + (1 - -2 - -1) + (16 - 25).
-2
Calculate 13 - -2 - (289 + -264).
-10
Calculate (0 - 7) + (-3 - -10) - -13.
13
What is the value of -23 - (-6 + 7 + -9)?
-15
What is 1 + 26 + (8 - (3 + 13))?
19
-1 + -7 + (12 - -1) + 4
9
85 + -73 - (21 + (1 - 5))
-5
(-19 - -4) + 28 - 43
-30
(0 + (1 - 2) - 3) + -5342 + 5329
-17
Calculate 19 + -6 - (0 - (6 + -14)).
5
What is 2 + -4 - (-1 + 3 + (5 - 1))?
-8
-4 + 5 - (-6 - (-5 - 5 - 5))
-8
What is 14 + (-4 - 3) + (3 - 2)?
8
Calculate -21 + 5 + 13 + 2 + -2 + -31.
-34
What is 3 + 1 - (9 + 0 + 12 + -11)?
-6
Calculate 16 + (-10 - 1 - -11 - (-7 + -1)).
24
(-8 - -6) + (-3 - 2 - (-2 + 3))
-8
What is 0 + 6 + (7 - (8 - (0 - 3)))?
2
Calculate (-4 - 6 - (0 + 2 + -7)) + -8.
-13
Calculate 36 + 0 + -13 + -8 + -15.
0
What is the value of -12 + (8 - (-11 - -20))?
-13
What is the value of (42 - 48) + (6 - 0) - 10?
-10
Evaluate -2 - 5 - (-5 + 19 - 8).
-13
-8 + (28 - 24) - (-1 - (0 + -4))
-7
(-10 - 1) + (499 - 469)
19
What is -6 - (35 - 19 - 27)?
5
What is -16 - -15 - (7 - -1)?
-9
20 + (21 - (5 + 16))
20
What is the value of 4 + -1 - (16 + -56 + 61)?
-18
What is 38 - (30 + 8) - ((2 - 2) + 13)?
-13
Calculate -3130 + 3137 - (0 + -2 + 1 - -25).
-17
What is 1 - (5 + 3 + -10)?
3
13 + (4 - 0) + 3 + -15
5
What is the value of -29 + 33 - ((0 - 1) + 9 + 2)?
-6
What is -23 - (-14 + (-8 - (2 + -17)))?
-16
Evaluate -2 + -6 + (3 - (5 - 10)).
0
-11 + (-1 + 10 - 10)
-12
Evaluate -6 - ((1 + (-1 - 1) - -2) + -4).
-3
Calculate 6 + -5 + -17 + 9 + 16.
9
Calculate (-1 - 0) + (-20 + 33 - 9).
3
11 + (0 - (5 - (0 - (-8 - 1))))
15
What is (21 - 5) + -38 + 27 + (6 - -3)?
14
What is the value of -1 + -7 + -2 + (14 - -5 - -13)?
22
(4 - 38) + -14 + 48
0
What is 1 + -7 + 0 + 4 + -6 + 4?
-4
What is the value of -40 + 2 - (16 + 18 - 44)?
-28
-29 - 0 - (-46 + 25)
-8
What is the value of -29 - -1 - (294 - 346)?
24
Evaluate 9 - (-12 - (-29 + 0)).
-8
-13 - -21 - (0 - (7 + -4))
11
Evaluate 9 + (11 - 9) + (-3 - 1).
7
Evaluate -6 + 2 + 10 + -7 + -8.
-9
Evaluate ((-75 - -28) + 29 - (-10 - -2)) + 33.
23
What is the value of (-20 + 39 - 28) + 26?
17
12 + 3 + -7 + -7 + 3 + -2
2
(-7 + -10 + 11 - 5) + 17
6
Evaluate (3 + 4 - 10) + -7 - -9.
-1
Evaluate -34 - (9 + -9) - -14.
-20
3 + (22 + -18 - (5 - (6 + -2)))
6
Calculate (-9 - 0) + (33 - (8 + 9)).
7
Calculate -2 + -6 + 15 + -1 + 9.
15
-2 - (-2 + 1 - (-53 + 45))
-9
Evaluate 11 - (-10 + 7 + -17 + 2) - 8.
21
Evaluate -4 - -5 - (0 - (10 + -5 + -8)).
-2
-11 - ((-18 - -35) + (-13 - -1))
-16
Evaluate 6 + 2 + (30 - 30).
8
(-4 - -2 - 18) + 5 + 13
-2
(23 - (14 + -6)) + 2 + 1
18
Evaluate 0 - (11 + 1 - (-3 + 13)).
-2
What is (0 - (6 - 2)) + -2 + 10?
4
What is (-29 + 13 + -1 - 15) + -1 + 7?
-26
Evaluate 11 + (48 - 44) + -2 + 13.
26
What is the value of 2 + -24 + 14 + (32 - 0)?
24
Evaluate -16 - (-58 + (24 - 4)).
22
What is 3 + 4 - (-19 + 18 - (0 - 6))?
2
Calculate (6 - (1 + 3 - -14)) + (-2 - -4).
-10
Evaluate 4 + (-6 - (-1 + 6) - -6) - -13.
12
What is 23 + -21 + -7 + -2 + 17?
10
Evaluate 14 + (8 - (0 - -14)) + 0 + 3.
11
What is (4 - -1) + (13 - 0) + 8 + -12?
14
-14 + 5 + 15 + -15
-9
Calculate -2 + -3 - ((2 - -5) + -4 + -14).
6
Calculate -24 + (-18 - -16 - -20).
-6
Calculate (0 - 7) + (1 - -22) + -18 + 15.
13
8 + 14 + -12 + 3 + 0 + 1
14
Calculate -2 + 10 + -19 + 3.
-8
Evaluate 18 - (-4 - ((-10 - -23 - 9) + -1)).
25
What is the value of (44 - 43) + (15 - (2 - 1))?
15
Calculate 1 - ((0 - -7) + 1 + -4) - 1.
-4
(3 - 3) + -3 - (38 - 48)
7
What is (7 - ((2 - 2) + (18 - 7))) + -16?
-20
What is (-11 - -22) + -12 + -2?
-3
-8 + (-11 - -15 - 7) - 16
-27
Calculate -1 - -15 - 17 - (1 - 2 - 7).
5
What is 5 - 28 - (-3 + 7 - 9)?
-18
What is the value of 3 + 3 + -5 - -35 - (0 + 5)?
31
What is the value of -51 + 51 - (-4 + 5 - -6)?
-7
19 + -23 - (30 - 36 - (0 - 19))
-17
What is -14 - (-1 - (7 - (-6 - -6)))?
-6
What is 0 + -12 + 16 + -12 + 0?
-8
Calculate 6 + -19 - (-14 + -8) - (1 + 3).
5
What is -26 - (-26 - 0) - (1 - (-2 + 1))?
-2
What is the value of (-8 - -1 - 1) + (-4 - -24)?
12
What is -8 - (-3 + (12 - 8 - -3))?
-12
What is the value of 1 + (-16 - -5) - (8 - 7)?
-11
Calculate 56 + -60 + 2 + -5.
-7
8 - 5 - ((7 - 3) + -2)
1
What is -11 - (14 + 5 + 4 + -21)?
-13
What is -8 - (15 + (-12 + 20 - 35))?
4
Evaluate 0 + (5 - 24) + (5 - -10 - 16).
-20
What is the value of 6 - -16 - (18 + -8) - (-23 - -24)?
11
68 - 77 - (1 + 2 + 1)
-13
What is the value of (10 - 7) + (-1 - 7) + -2 + -2?
-9
Evaluate -3 + -1 + (4 - 11 - -12) - -4.
5
Calculate -20 + (6 + 11 - (9 + -4)).
-8
What is (47 - 44 - 14) + 11 + -1?
-1
What is (37 - 3 - (24 + -14 - 10)) + -9?
25
What is the value of -5 + (1 - -6) - (-14 + 9 - -7)?
0
Calculate (3 - -1) + (-24 + 8 + 8 - 0).
-4
What is the value of (-6 - ((11 - 17) + 12)) + 14?
2
Evaluate -27 - (21 + (-30 - -1)).
